- 9*b**2 + 2*b. Calculate i(-1).
6
Let f(r) = -r**2 - 6. Let c be (-15)/(-3) - (-2)/1. Let i = c - 7. Give f(i).
-6
Let c(b) = 4*b**2 - 18*b + 19. Let r(a) = -3*a**2 + 12*a - 13. Let p(y) = -5*c(y) - 7*r(y). Determine p(-5).
-9
Let n = 8 + -13. Let v(c) = -c**3 + 4*c**2 - 2*c - 2. Let k be v(2). Let g(s) = -5 - s**k + 8 + 3 - 5*s. Give g(n).
6
Let h(w) = 6*w + 1. Let t = 1 + -1. Suppose -5*d + 45 = 5*n, t = n - d - 4*d + 15. Suppose -n = -4*p - p. What is h(p)?
7
Suppose 2*i - 5 = -7. Let u(q) = 4*q + q + 7*q. Calculate u(i).
-12
Let i be (48/84)/((-2)/(-14)). Let b(k) be the third derivative of 0 + 1/120*k**6 + 0*k + 2/3*k**3 - 1/30*k**5 + 2*k**2 - 5/24*k**i. What is b(3)?
-2
Suppose -2 = -4*c + 3*c + 2*o, 0 = 5*c - 4*o + 8. Let a = -7 - c. Let u(h) = -h - 2. Give u(a).
1
Let i(c) = -2 + 2*c - 2*c**2 + c + c**2 - 10*c. Suppose -2*b = 13 - 1. Calculate i(b).
4
Let s(z) = -3 + z**2 + 2 + 4*z + 0*z + 2. Let i be (1 + -6)/(-3 + 4). Let t(h) = -h**3 - 4*h**2 + 5*h - 3. Let b be t(i). What is s(b)?
-2
Let c(z) be the second derivative of z**4/12 - 7*z**3/6 + z**2 + 42*z. Calculate c(7).
2
Let o be 3/(-6)*(-4 - -10). Let i(y) = -3*y**2 + 6*y + 7. Let w(g) = -8*g**2 + 18*g + 20. Let s(r) = 11*i(r) - 4*w(r). What is s(o)?
6
Let o(d) = -d**3 + 4*d**2 - 3. Let w = 11 - 8. Calculate o(w).
6
Let n(g) be the third derivative of -g**5/15 + g**4/24 - g**3/6 - 2*g**2. Give n(1).
-4
Let b(q) = 2*q + 10. Let a(g) = g + 5. Let h(i) = 7*a(i) - 3*b(i). Calculate h(-5).
0
Let h(a) = -a**3 + a**2 + 2*a - 2. Let d = -2 - -3. Suppose r + 8 = 5*i + 1, 0 = 2*i - r - d. Give h(i).
-2
Let j(v) = -v**3 - 1. Let r(w) = 4*w**3 - 7*w**2 + 4*w - 1. Let p(t) = -3*j(t) - r(t). Determine p(6).
16
Let c(a) = -a**3 + 3*a**2 + 2*a. Let f = -19 + 22. Give c(f).
6
Let i(x) = -x**2 + 5*x - 2. Suppose 42*g + 12 = 45*g. Calculate i(g).
2
Let d be (-4 - 0) + 1/1. Suppose -2*s + 4 = -2*k, 3*s - k - 6 = -3*k. Let v(f) = -f - 3*f - f**s + 0*f - 3. Give v(d).
0
Let u(f) = 2 - 70*f - 1 + 69*f. Give u(8).
-7
Let p(d) = d**3 - 6*d**2 - 8*d + 2. Suppose -h + 0 = -7. Give p(h).
-5
Let k(j) be the first derivative of j**3/3 - j**2/2 - 3*j - 14. Determine k(3).
3
Let f(q) = q**3 + 2*q**2 - 4*q - 1. Suppose 5*h - 2*p + 9 = -14, 5*h - 1 = -4*p. Let k be -1 + h + 2 + -1. Calculate f(k).
2
Suppose 0*w - 2*w = -8. Suppose -15 = 5*p + 5*d, 2*d + 13 = w*p + d. Let q(m) = m + 1 - 5*m**2 + 5*m**2 + m**p. Calculate q(-3).
7
Let p(v) = v**2 + 7*v + 1. Let j be p(-7). Let k(d) = 2*d - j - 4*d - 5*d. What is k(-1)?
6
Suppose -1 + 4 = p. Let s(t) be the third derivative of -t**7/2520 + t**5/60 + t**4/24 + t**2. Let a(w) be the second derivative of s(w). Give a(p).
-7
Let s(t) be the second derivative of -t**5/20 + 7*t**4/12 - t**3 - t**2 + 5*t. Give s(6).
-2
Let b(a) = 2*a - 7. Let r(h) = h**3 - 5*h**2 + 6. Suppose 0 = -v + 1 + 4. Let y be r(v). Give b(y).
5
Let y be 3/2*-2 + 2. Let p be (y + -2)*4/6. Let x(r) be the first derivative of -r**4/4 - r**3/3 + 3*r**2/2 + r + 3. What is x(p)?
-1
Let b(c) = 27*c - c**2 - 53*c + 33*c. Calculate b(7).
0
Let b(c) = -c. Let l be 0 - ((-3 - -4) + -2). Calculate b(l).
-1
Let y(l) = -4*l + 1. Let m be y(1). Let x = 6 + m. Let t(u) = -2*u**2 + 5*u - 4. Give t(x).
-7
Let g(i) = 7*i**3 + i**2. Let a = -154 - -155. Give g(a).
8
Let t = 3 + -5. Let s(h) be the first derivative of -4*h**3/3 - 2*h**2 - 2*h + 2. Determine s(t).
-10
Let u(j) be the first derivative of -j**5/120 + j**4/4 - j**3/3 - 1. Let z(v) be the third derivative of u(v). Suppose 14*t - 13*t - 6 = 0. Determine z(t).
0
Let r(p) be the third derivative of p**8/6720 - p**7/504 + p**6/720 + p**5/30 + p**4/6 + 3*p**2. Let i(j) be the second derivative of r(j). What is i(5)?
9
Let u(a) = -2*a**3 - a**2 + a. Let k(h) = h + 14. Let z be k(-10). Suppose 3*y = y + z. Let p be 6/(-9)*(-3)/y. What is u(p)?
-2
Let l(u) = u**2 + 4*u - 2. Suppose -3*d - 4 = n - 2*d, 0 = -4*n - d - 13. Let q be (n + 1)/(2/4). What is l(q)?
-2
Let f(p) = -p**2 + 9*p + 6. Let j(w) = -2*w**2 + 18*w + 13. Let u(d) = -5*f(d) + 2*j(d). Calculate u(9).
-4
Suppose x - 7 = 2*a, 18 + 0 = -3*a + 3*x. Let l be a/(-4) - (-34)/(-8). Let b(f) = f**2 + f - 1. Give b(l).
11
Suppose -4*v = -v + 3. Let c(m) = m**3 + m + 1. What is c(v)?
-1
Let s(t) = t**3 + 2*t**2 - 3*t. Let v(g) = g**3 + g**2 - 4*g + 1. Let n(c) = -4*s(c) + 3*v(c). Let z = 6 + -11. Let y be (z/3)/(8/24). Determine n(y).
3
Suppose -4 = -5*v - 3*f - 6, -2*v + f = -8. Let h(y) = 4*y - v*y + 1 - y. Suppose 0 = 4*a - 2*d - 20, 23 = 4*a - 5*d - 9. Calculate h(a).
4
Let o be (-12)/5*(33/6 + -8). Let i(b) = b**3 - 6*b**2 + 4. Determine i(o).
4
Let r(k) = -4*k + 4. Let v be ((-12)/10)/((-26)/20 - -1). Give r(v).
-12
Let s(w) = -9*w - 1. Suppose 2*y = 7*y - 10, 58 = 4*g + y. Let k(h) = -26*h - 2. Let x(p) = g*s(p) - 5*k(p). What is x(3)?
8
Suppose -c = -s - 2*c, -c + 3 = 2*s. Let j(h) = -2*h + 3 + s - 4. Calculate j(5).
-8
Let n(o) be the first derivative of 3 + 0*o + 1/8*o**4 + 1/6*o**3 - 3/2*o**2. Let w(g) be the second derivative of n(g). Calculate w(3).
10
Let a(o) = o**2 + 2*o + 1. Let q(r) = -2*r + 23. Let k be q(12). Calculate a(k).
0
Let o = 17 - 13. Suppose 3*x = -o - 8. Let i(g) = -2*g + 5. Calculate i(x).
13
Let c(b) = 8 + 2*b - 6*b + b + 2*b. Let s be c(5). Let q(z) = -2*z + z**2 + 2*z**2 + 4*z + s - z**2. Give q(-2).
7
Let k(h) = h**2 - 5*h + 3. Let o(i) = -i**2 + 5*i - 3. Let f(t) = 7*k(t) + 6*o(t). Let r = -6 + 11. Let s be f(r). Let a(j) = j**2 - 3*j + 4. Determine a(s).
4
Let y(k) = k**3 - 5*k**2 + 5*k**2 + 0*k**2 - 2 + 5*k**2 - k. Let t be (1/(-2))/(3/30). Give y(t).
3
Let d(r) be the second derivative of -r**3 + r**2/2 - 8*r. Give d(1).
-5
Let y(p) be the third derivative of -1/15*p**5 - 7*p**2 + 0 - 1/12*p**4 + 2/3*p**3 + 0*p - 1/120*p**6. Calculate y(-3).
1
Suppose 2*u - 20 = -5*d, 4*d = 2*d + 8. Suppose u = -s - s. Let a(t) = 8*t**2 - 8*t**2 - 2*t + s*t + t**3 + 3. Give a(2).
7
Let k(n) = -58*n**2 + 0*n**3 + 67*n**2 - n**3 - 1 - n - 7*n. Determine k(8).
-1
Let a = -47 - -41. Let f(r) = -4*r - 5. What is f(a)?
19
Let q(n) = -12*n + 29. Let v(c) = -8*c + 19. Let m(l) = -5*q(l) + 8*v(l). Calculate m(7).
-21
Let k(w) = w + 15. Let v(g) = -g - 15. Let p(o) = -3*k(o) - 4*v(o). Give p(-9).
6
Suppose 0 = -2*i + 15 - 27. Let u(b) = -b**2 - 6*b - 2. What is u(i)?
-2
Let a(k) = -4*k - 75 - 77 + 152. Calculate a(-5).
20
Let o(k) = -4*k**3 - 2*k**2 + k - 7. Let n(b) = b**3 - b + 1. Let q(s) = -5*n(s) - o(s). Determine q(4).
-14
Let l(g) = 2*g**2 - 2*g - 2. Suppose -2*y = -0*y + 10, -y - 35 = -5*v. Suppose z = -z + v. Calculate l(z).
10
Let a(q) = q**3 - 4*q**2 - q - 1. Let z(v) = -v**2. Let o(b) = -a(b) + 2*z(b). Calculate o(2).
3
Let d = 4 + 1. Suppose 5*u = 4*y - 6 - 39, d*u = 2*y - 35. Let p(q) = -7*q**2 - 15*q + 3. Let s(f) = -3*f**2 - 7*f + 2. Let h(v) = 2*p(v) - 5*s(v). Give h(u).
-4
Let u(s) = -2*s - 1. Let d(r) = -2*r - 1. Let a(b) = -7*d(b) + 6*u(b). Let g be a(2). Let k(o) = -4*o**2 - 6*o + 2 + 2 - 3 + 4*o**3 - 3*o**3. Give k(g).
-4
Let g(z) be the second derivative of -z**4/12 - 5*z**3/6 + 7*z**2/2 - z. Suppose 4*y + 1 + 9 = -2*f, -f - 5 = -5*y. Give g(f).
7
Suppose 2*q = -2*q + 8. Let a(z) = 2*z**2 - 3*z**2 + z + 2*z**2 + 3*z**q - 1. Determine a(1).
4
Suppose 3*j + 7 = -5. Let x(l) be the first derivative of -l**3/3 - 2*l**2 + l + 1. Calculate x(j).
1
Suppose -5*u = -6*d + d + 90, d + 4*u = -2. Let x = 22 - d. Let s(j) = -j**2 + 7*j + 3. Calculate s(x).
-5
Let r(g) be the first derivative of 2*g**3/3 - g**2/2 - 2*g - 3. Let l be 6/2*(-1)/(-3). Suppose -l - 7 = -4*x. What is r(x)?
4
Let i = -56 + 54. Let f(g) = g + 2. Give f(i).
0
Let k(w) = 2*w**2 + 2*w + 2. Let v be k(-2). Let q(p) = p**3 - 5*p**2 - 6*p - 6. Calculate q(v).
-6
Let c(q) = q**3 - 2*q**2 - 3*q + 1. Let p be c(3). Let z = 3 - p. Suppose -n = -z*n. Let r(o) = o**3 - o**2 + 5. What is r(n)?
5
Let u(b) be the first derivative of b**3/3 - 3*b**2/2 - 3*b - 2. Let h = -9 + 17. Let y = h + -4. Determine u(y).
1
Let s(l) = -l**3 + 6*l**2 + 6*l - 5. Let w(d) = -14 + 17*d - 3*d**3 - 7*d**2 + 19*d**2 + 5*d**2. Let i(p) = -8*s(p) + 3*w(p). Give i(3).
7
Let p(n) = -5*n - 1. Suppose 3*o - 6*o - 3 = 0. Give p(o).
4
Let z(g) = 2*g - 3. Let m(y) = -y + 2. Let c(t) = -t + 3. Let s(k) = 3*c(k) - 5*m(k). Let u be s(2). What is z(u)?
3
Let 